{"id":14242,"date":"2025-08-11T11:19:32","date_gmt":"2025-08-11T09:19:32","guid":{"rendered":"https:\/\/egn.com\/se\/about\/las-olsen\/"},"modified":"2025-08-11T12:48:50","modified_gmt":"2025-08-11T10:48:50","slug":"las-olsen","status":"publish","type":"person","link":"https:\/\/egn.com\/se\/om-egn\/las-olsen\/","title":{"rendered":"Las Olsen"},"content":{"rendered":"\n<p>Las Olsen has been Chief Economist at Danske Bank since 2015 and has closely followed both Danish and global economic developments for the past 25 years. At Danske Bank, he leads the bank\u2019s team of economists who monitor economic trends in major global economies as well as in the Nordic home markets. Las Olsen is also one of the most frequently cited economists in the Danish media.<\/p>\n","protected":false},"excerpt":{"rendered":"<p>Las Olsen has been Chief Economist at Danske Bank since 2015 and has closely followed both Danish and global economic developments for the past 25 years. At Danske Bank, he leads the bank\u2019s team of economists who monitor economic trends in major global economies as well as in the Nordic home markets. Las Olsen is<a href=\"https:\/\/egn.com\/se\/om-egn\/las-olsen\/\">Forts\u00e4tt l\u00e4sa <span class=\"sr-only\">&#8221;Las Olsen&#8221;<\/span><\/a><\/p>\n","protected":false},"featured_media":13761,"template":"","meta":{"_acf_changed":true},"department":[127],"class_list":["post-14242","person","type-person","status-publish","has-post-thumbnail","hentry","department-speaker"],"acf":[],"yoast_head":"<title>Las Olsen | EGN Sverige<\/title>\n<meta name=\"description\" content=\"EGN Sverige v\u00e4rderar medarbetare h\u00f6gt och genom dessa s\u00e5 skapar vi en trivsam milj\u00f6 och kultur. Tr\u00e4ffa v\u00e5ra n\u00e4tverksledare och personal\" \/>\n<meta name=\"robots\" content=\"index, follow, max-snippet:-1, max-image-preview:large, max-video-preview:-1\" \/>\n<link rel=\"canonical\" href=\"https:\/\/egn.com\/se\/om-egn\/las-olsen\/\" \/>\n<meta property=\"og:locale\" content=\"sv_SE\" \/>\n<meta property=\"og:type\" content=\"article\" \/>\n<meta property=\"og:title\" content=\"Las Olsen\" \/>\n<meta property=\"og:description\" content=\"Las Olsen has been Chief Economist at Danske Bank since 2015 and has closely followed both Danish and global economic developments for the past 25 years.\" \/>\n<meta property=\"og:url\" content=\"https:\/\/egn.com\/se\/om-egn\/las-olsen\/\" \/>\n<meta property=\"og:site_name\" content=\"EGN Sverige\" \/>\n<meta property=\"article:publisher\" content=\"https:\/\/www.facebook.com\/egnsverige\/\" \/>\n<meta property=\"article:modified_time\" content=\"2025-08-11T10:48:50+00:00\" \/>\n<meta property=\"og:image\" content=\"https:\/\/egn.com\/se\/wp-content\/uploads\/sites\/6\/2025\/01\/default-image-21-4.webp\" \/>\n\t<meta property=\"og:image:width\" content=\"2100\" \/>\n\t<meta property=\"og:image:height\" content=\"700\" \/>\n\t<meta property=\"og:image:type\" content=\"image\/webp\" \/>\n<meta name=\"twitter:card\" content=\"summary_large_image\" \/>\n<meta name=\"twitter:label1\" content=\"Ber\u00e4knad l\u00e4stid\" \/>\n\t<meta name=\"twitter:data1\" content=\"1 minut\" \/>\n<script type=\"application\/ld+json\" class=\"yoast-schema-graph\">{\"@context\":\"https:\\\/\\\/schema.org\",\"@graph\":[{\"@type\":[\"WebPage\",\"ProfilePage\"],\"@id\":\"https:\\\/\\\/egn.com\\\/se\\\/om-egn\\\/las-olsen\\\/\",\"url\":\"https:\\\/\\\/egn.com\\\/se\\\/om-egn\\\/las-olsen\\\/\",\"name\":\"Las Olsen | EGN Sverige\",\"isPartOf\":{\"@id\":\"https:\\\/\\\/egn.com\\\/se\\\/#website\"},\"primaryImageOfPage\":{\"@id\":\"https:\\\/\\\/egn.com\\\/se\\\/om-egn\\\/las-olsen\\\/#primaryimage\"},\"image\":{\"@id\":\"https:\\\/\\\/egn.com\\\/se\\\/om-egn\\\/las-olsen\\\/#primaryimage\"},\"thumbnailUrl\":\"https:\\\/\\\/egn.com\\\/se\\\/wp-content\\\/uploads\\\/sites\\\/6\\\/2025\\\/01\\\/default-image-21-4.webp\",\"datePublished\":\"2025-08-11T09:19:32+00:00\",\"dateModified\":\"2025-08-11T10:48:50+00:00\",\"description\":\"EGN Sverige v\u00e4rderar medarbetare h\u00f6gt och genom dessa s\u00e5 skapar vi en trivsam milj\u00f6 och kultur. Tr\u00e4ffa v\u00e5ra n\u00e4tverksledare och personal\",\"breadcrumb\":{\"@id\":\"https:\\\/\\\/egn.com\\\/se\\\/om-egn\\\/las-olsen\\\/#breadcrumb\"},\"inLanguage\":\"sv-SE\",\"potentialAction\":[{\"@type\":\"ReadAction\",\"target\":[\"https:\\\/\\\/egn.com\\\/se\\\/om-egn\\\/las-olsen\\\/\"]}]},{\"@type\":\"ImageObject\",\"inLanguage\":\"sv-SE\",\"@id\":\"https:\\\/\\\/egn.com\\\/se\\\/om-egn\\\/las-olsen\\\/#primaryimage\",\"url\":\"https:\\\/\\\/egn.com\\\/se\\\/wp-content\\\/uploads\\\/sites\\\/6\\\/2025\\\/01\\\/default-image-21-4.webp\",\"contentUrl\":\"https:\\\/\\\/egn.com\\\/se\\\/wp-content\\\/uploads\\\/sites\\\/6\\\/2025\\\/01\\\/default-image-21-4.webp\",\"width\":2100,\"height\":700},{\"@type\":\"BreadcrumbList\",\"@id\":\"https:\\\/\\\/egn.com\\\/se\\\/om-egn\\\/las-olsen\\\/#breadcrumb\",\"itemListElement\":[{\"@type\":\"ListItem\",\"position\":1,\"name\":\"Hem\",\"item\":\"https:\\\/\\\/egn.com\\\/se\\\/\"},{\"@type\":\"ListItem\",\"position\":2,\"name\":\"Las Olsen\"}]},{\"@type\":\"WebSite\",\"@id\":\"https:\\\/\\\/egn.com\\\/se\\\/#website\",\"url\":\"https:\\\/\\\/egn.com\\\/se\\\/\",\"name\":\"EGN Sverige\",\"description\":\"Professionella n\u00e4tverk f\u00f6r ledare och specialister\",\"publisher\":{\"@id\":\"https:\\\/\\\/egn.com\\\/se\\\/#organization\"},\"potentialAction\":[{\"@type\":\"SearchAction\",\"target\":{\"@type\":\"EntryPoint\",\"urlTemplate\":\"https:\\\/\\\/egn.com\\\/se\\\/?s={search_term_string}\"},\"query-input\":{\"@type\":\"PropertyValueSpecification\",\"valueRequired\":true,\"valueName\":\"search_term_string\"}}],\"inLanguage\":\"sv-SE\"},{\"@type\":\"Organization\",\"@id\":\"https:\\\/\\\/egn.com\\\/se\\\/#organization\",\"name\":\"EGN Sverige\",\"alternateName\":\"EGN\",\"url\":\"https:\\\/\\\/egn.com\\\/se\\\/\",\"logo\":{\"@type\":\"ImageObject\",\"inLanguage\":\"sv-SE\",\"@id\":\"https:\\\/\\\/egn.com\\\/se\\\/#\\\/schema\\\/logo\\\/image\\\/\",\"url\":\"https:\\\/\\\/egn.com\\\/se\\\/wp-content\\\/uploads\\\/sites\\\/6\\\/2026\\\/02\\\/EGN.png\",\"contentUrl\":\"https:\\\/\\\/egn.com\\\/se\\\/wp-content\\\/uploads\\\/sites\\\/6\\\/2026\\\/02\\\/EGN.png\",\"width\":2185,\"height\":699,\"caption\":\"EGN Sverige\"},\"image\":{\"@id\":\"https:\\\/\\\/egn.com\\\/se\\\/#\\\/schema\\\/logo\\\/image\\\/\"},\"sameAs\":[\"https:\\\/\\\/www.facebook.com\\\/egnsverige\\\/\",\"https:\\\/\\\/www.instagram.com\\\/egnsverige\",\"https:\\\/\\\/www.linkedin.com\\\/company\\\/executives-global-network\"],\"mainEntityOfPage\":{\"@id\":\"https:\\\/\\\/egn.com\\\/se\\\/om-egn\\\/las-olsen\\\/\"},\"description\":\"EGN Sverige \u00e4r Sveriges st\u00f6rsta kompetensn\u00e4tverk f\u00f6r chefer och ledare som vill utveckla sitt ledarskap. Vi jobbar f\u00f6r att chefer och ledare tillsammans ska utvecklas och hj\u00e4lpa varandra med de utmaningar som man st\u00f6ter p\u00e5 i sin profession.\",\"email\":\"info@egn.se\",\"telephone\":\"+468210722\",\"vatID\":\"556739-7905\"}]}<\/script>","yoast_head_json":{"title":"Las Olsen | EGN Sverige","description":"EGN Sverige v\u00e4rderar medarbetare h\u00f6gt och genom dessa s\u00e5 skapar vi en trivsam milj\u00f6 och kultur. Tr\u00e4ffa v\u00e5ra n\u00e4tverksledare och personal","robots":{"index":"index","follow":"follow","max-snippet":"max-snippet:-1","max-image-preview":"max-image-preview:large","max-video-preview":"max-video-preview:-1"},"canonical":"https:\/\/egn.com\/se\/om-egn\/las-olsen\/","og_locale":"sv_SE","og_type":"article","og_title":"Las Olsen","og_description":"Las Olsen has been Chief Economist at Danske Bank since 2015 and has closely followed both Danish and global economic developments for the past 25 years.","og_url":"https:\/\/egn.com\/se\/om-egn\/las-olsen\/","og_site_name":"EGN Sverige","article_publisher":"https:\/\/www.facebook.com\/egnsverige\/","article_modified_time":"2025-08-11T10:48:50+00:00","og_image":[{"width":2100,"height":700,"url":"https:\/\/egn.com\/se\/wp-content\/uploads\/sites\/6\/2025\/01\/default-image-21-4.webp","type":"image\/webp"}],"twitter_card":"summary_large_image","twitter_misc":{"Ber\u00e4knad l\u00e4stid":"1 minut"},"schema":{"@context":"https:\/\/schema.org","@graph":[{"@type":["WebPage","ProfilePage"],"@id":"https:\/\/egn.com\/se\/om-egn\/las-olsen\/","url":"https:\/\/egn.com\/se\/om-egn\/las-olsen\/","name":"Las Olsen | EGN Sverige","isPartOf":{"@id":"https:\/\/egn.com\/se\/#website"},"primaryImageOfPage":{"@id":"https:\/\/egn.com\/se\/om-egn\/las-olsen\/#primaryimage"},"image":{"@id":"https:\/\/egn.com\/se\/om-egn\/las-olsen\/#primaryimage"},"thumbnailUrl":"https:\/\/egn.com\/se\/wp-content\/uploads\/sites\/6\/2025\/01\/default-image-21-4.webp","datePublished":"2025-08-11T09:19:32+00:00","dateModified":"2025-08-11T10:48:50+00:00","description":"EGN Sverige v\u00e4rderar medarbetare h\u00f6gt och genom dessa s\u00e5 skapar vi en trivsam milj\u00f6 och kultur. Tr\u00e4ffa v\u00e5ra n\u00e4tverksledare och personal","breadcrumb":{"@id":"https:\/\/egn.com\/se\/om-egn\/las-olsen\/#breadcrumb"},"inLanguage":"sv-SE","potentialAction":[{"@type":"ReadAction","target":["https:\/\/egn.com\/se\/om-egn\/las-olsen\/"]}]},{"@type":"ImageObject","inLanguage":"sv-SE","@id":"https:\/\/egn.com\/se\/om-egn\/las-olsen\/#primaryimage","url":"https:\/\/egn.com\/se\/wp-content\/uploads\/sites\/6\/2025\/01\/default-image-21-4.webp","contentUrl":"https:\/\/egn.com\/se\/wp-content\/uploads\/sites\/6\/2025\/01\/default-image-21-4.webp","width":2100,"height":700},{"@type":"BreadcrumbList","@id":"https:\/\/egn.com\/se\/om-egn\/las-olsen\/#breadcrumb","itemListElement":[{"@type":"ListItem","position":1,"name":"Hem","item":"https:\/\/egn.com\/se\/"},{"@type":"ListItem","position":2,"name":"Las Olsen"}]},{"@type":"WebSite","@id":"https:\/\/egn.com\/se\/#website","url":"https:\/\/egn.com\/se\/","name":"EGN Sverige","description":"Professionella n\u00e4tverk f\u00f6r ledare och specialister","publisher":{"@id":"https:\/\/egn.com\/se\/#organization"},"potentialAction":[{"@type":"SearchAction","target":{"@type":"EntryPoint","urlTemplate":"https:\/\/egn.com\/se\/?s={search_term_string}"},"query-input":{"@type":"PropertyValueSpecification","valueRequired":true,"valueName":"search_term_string"}}],"inLanguage":"sv-SE"},{"@type":"Organization","@id":"https:\/\/egn.com\/se\/#organization","name":"EGN Sverige","alternateName":"EGN","url":"https:\/\/egn.com\/se\/","logo":{"@type":"ImageObject","inLanguage":"sv-SE","@id":"https:\/\/egn.com\/se\/#\/schema\/logo\/image\/","url":"https:\/\/egn.com\/se\/wp-content\/uploads\/sites\/6\/2026\/02\/EGN.png","contentUrl":"https:\/\/egn.com\/se\/wp-content\/uploads\/sites\/6\/2026\/02\/EGN.png","width":2185,"height":699,"caption":"EGN Sverige"},"image":{"@id":"https:\/\/egn.com\/se\/#\/schema\/logo\/image\/"},"sameAs":["https:\/\/www.facebook.com\/egnsverige\/","https:\/\/www.instagram.com\/egnsverige","https:\/\/www.linkedin.com\/company\/executives-global-network"],"mainEntityOfPage":{"@id":"https:\/\/egn.com\/se\/om-egn\/las-olsen\/"},"description":"EGN Sverige \u00e4r Sveriges st\u00f6rsta kompetensn\u00e4tverk f\u00f6r chefer och ledare som vill utveckla sitt ledarskap. Vi jobbar f\u00f6r att chefer och ledare tillsammans ska utvecklas och hj\u00e4lpa varandra med de utmaningar som man st\u00f6ter p\u00e5 i sin profession.","email":"info@egn.se","telephone":"+468210722","vatID":"556739-7905"}]}},"_links":{"self":[{"href":"https:\/\/egn.com\/se\/wp-json\/wp\/v2\/person\/14242","targetHints":{"allow":["GET"]}}],"collection":[{"href":"https:\/\/egn.com\/se\/wp-json\/wp\/v2\/person"}],"about":[{"href":"https:\/\/egn.com\/se\/wp-json\/wp\/v2\/types\/person"}],"wp:featuredmedia":[{"embeddable":true,"href":"https:\/\/egn.com\/se\/wp-json\/wp\/v2\/media\/13761"}],"wp:attachment":[{"href":"https:\/\/egn.com\/se\/wp-json\/wp\/v2\/media?parent=14242"}],"wp:term":[{"taxonomy":"department","embeddable":true,"href":"https:\/\/egn.com\/se\/wp-json\/wp\/v2\/department?post=14242"}],"curies":[{"name":"wp","href":"https:\/\/api.w.org\/{rel}","templated":true}]}}

<p>Las Olsen has been Chief Economist at Danske Bank since 2015 and has closely followed both Danish and global economic developments for the past 25 years. At Danske Bank, he leads the bank’s team of economists who monitor economic trends in major global economies as well as in the Nordic home markets. Las Olsen is<a href="https://egn.com/se/om-egn/las-olsen/">Fortsätt läsa <span class="sr-only">&#8221;Las Olsen&#8221;</span></a></p>

<title>Las Olsen | EGN Sverige</title>
<meta name="description" content="EGN Sverige värderar medarbetare högt och genom dessa så skapar vi en trivsam miljö och kultur. Träffa våra nätverksledare och personal" />
<meta name="robots" content="index, follow, max-snippet:-1, max-image-preview:large, max-video-preview:-1" />
<link rel="canonical" href="https://egn.com/se/om-egn/las-olsen/" />
<meta property="og:locale" content="sv_SE" />
<meta property="og:type" content="article" />
<meta property="og:title" content="Las Olsen" />
<meta property="og:description" content="Las Olsen has been Chief Economist at Danske Bank since 2015 and has closely followed both Danish and global economic developments for the past 25 years." />
<meta property="og:url" content="https://egn.com/se/om-egn/las-olsen/" />
<meta property="og:site_name" content="EGN Sverige" />
<meta property="article:publisher" content="https://www.facebook.com/egnsverige/" />
<meta property="article:modified_time" content="2025-08-11T10:48:50+00:00" />
<meta property="og:image" content="https://egn.com/se/wp-content/uploads/sites/6/2025/01/default-image-21-4.webp" />
	<meta property="og:image:width" content="2100" />
	<meta property="og:image:height" content="700" />
	<meta property="og:image:type" content="image/webp" />
<meta name="twitter:card" content="summary_large_image" />
<meta name="twitter:label1" content="Beräknad lästid" />
	<meta name="twitter:data1" content="1 minut" />
<script type="application/ld+json" class="yoast-schema-graph">{"@context":"https:\/\/schema.org","@graph":[{"@type":["WebPage","ProfilePage"],"@id":"https:\/\/egn.com\/se\/om-egn\/las-olsen\/","url":"https:\/\/egn.com\/se\/om-egn\/las-olsen\/","name":"Las Olsen | EGN Sverige","isPartOf":{"@id":"https:\/\/egn.com\/se\/#website"},"primaryImageOfPage":{"@id":"https:\/\/egn.com\/se\/om-egn\/las-olsen\/#primaryimage"},"image":{"@id":"https:\/\/egn.com\/se\/om-egn\/las-olsen\/#primaryimage"},"thumbnailUrl":"https:\/\/egn.com\/se\/wp-content\/uploads\/sites\/6\/2025\/01\/default-image-21-4.webp","datePublished":"2025-08-11T09:19:32+00:00","dateModified":"2025-08-11T10:48:50+00:00","description":"EGN Sverige värderar medarbetare högt och genom dessa så skapar vi en trivsam miljö och kultur. Träffa våra nätverksledare och personal","breadcrumb":{"@id":"https:\/\/egn.com\/se\/om-egn\/las-olsen\/#breadcrumb"},"inLanguage":"sv-SE","potentialAction":[{"@type":"ReadAction","target":["https:\/\/egn.com\/se\/om-egn\/las-olsen\/"]}]},{"@type":"ImageObject","inLanguage":"sv-SE","@id":"https:\/\/egn.com\/se\/om-egn\/las-olsen\/#primaryimage","url":"https:\/\/egn.com\/se\/wp-content\/uploads\/sites\/6\/2025\/01\/default-image-21-4.webp","contentUrl":"https:\/\/egn.com\/se\/wp-content\/uploads\/sites\/6\/2025\/01\/default-image-21-4.webp","width":2100,"height":700},{"@type":"BreadcrumbList","@id":"https:\/\/egn.com\/se\/om-egn\/las-olsen\/#breadcrumb","itemListElement":[{"@type":"ListItem","position":1,"name":"Hem","item":"https:\/\/egn.com\/se\/"},{"@type":"ListItem","position":2,"name":"Las Olsen"}]},{"@type":"WebSite","@id":"https:\/\/egn.com\/se\/#website","url":"https:\/\/egn.com\/se\/","name":"EGN Sverige","description":"Professionella nätverk för ledare och specialister","publisher":{"@id":"https:\/\/egn.com\/se\/#organization"},"potentialAction":[{"@type":"SearchAction","target":{"@type":"EntryPoint","urlTemplate":"https:\/\/egn.com\/se\/?s={search_term_string}"},"query-input":{"@type":"PropertyValueSpecification","valueRequired":true,"valueName":"search_term_string"}}],"inLanguage":"sv-SE"},{"@type":"Organization","@id":"https:\/\/egn.com\/se\/#organization","name":"EGN Sverige","alternateName":"EGN","url":"https:\/\/egn.com\/se\/","logo":{"@type":"ImageObject","inLanguage":"sv-SE","@id":"https:\/\/egn.com\/se\/#\/schema\/logo\/image\/","url":"https:\/\/egn.com\/se\/wp-content\/uploads\/sites\/6\/2026\/02\/EGN.png","contentUrl":"https:\/\/egn.com\/se\/wp-content\/uploads\/sites\/6\/2026\/02\/EGN.png","width":2185,"height":699,"caption":"EGN Sverige"},"image":{"@id":"https:\/\/egn.com\/se\/#\/schema\/logo\/image\/"},"sameAs":["https:\/\/www.facebook.com\/egnsverige\/","https:\/\/www.instagram.com\/egnsverige","https:\/\/www.linkedin.com\/company\/executives-global-network"],"mainEntityOfPage":{"@id":"https:\/\/egn.com\/se\/om-egn\/las-olsen\/"},"description":"EGN Sverige är Sveriges största kompetensnätverk för chefer och ledare som vill utveckla sitt ledarskap. Vi jobbar för att chefer och ledare tillsammans ska utvecklas och hjälpa varandra med de utmaningar som man stöter på i sin profession.","email":"info@egn.se","telephone":"+468210722","vatID":"556739-7905"}]}</script>

EGN Sverige värderar medarbetare högt och genom dessa så skapar vi en trivsam miljö och kultur. Träffa våra nätverksledare och personal

Professionella nätverk för ledare och specialister

EGN Sverige är Sveriges största kompetensnätverk för chefer och ledare som vill utveckla sitt ledarskap. Vi jobbar för att chefer och ledare tillsammans ska utvecklas och hjälpa varandra med de utmaningar som man stöter på i sin profession.
